{"id":222,"date":"2022-02-08T00:48:00","date_gmt":"2022-02-07T23:48:00","guid":{"rendered":"http:\/\/www.lilywave.fr\/?page_id=222"},"modified":"2022-02-08T00:48:54","modified_gmt":"2022-02-07T23:48:54","slug":"fem","status":"publish","type":"page","link":"https:\/\/www.lilywave.fr\/index.php\/fem\/","title":{"rendered":"[fe:m]"},"content":{"rendered":"\n<p class=\"has-text-align-center has-regular-font-size\"><strong>[grands formats]<\/strong><\/p>\n\n\n\n<div style=\"height:50px\" aria-hidden=\"true\" class=\"wp-block-spacer\"><\/div>\n\n\n\n<p id=\"block-cb84d5c5-2cd4-4f42-a876-7d25f7ad770f\"><strong>Broderie, encre, peinture et piqu\u00e9 libre sur toiles diverse<\/strong>&nbsp;<\/p>\n\n\n\n<p id=\"block-2e2e3f09-5429-44c1-88da-941e8822fa2e\">face au mur (2018), la t\u00eate dedans (2021)<\/p>\n\n\n\n<figure class=\"wp-block-gallery has-nested-images columns-default is-cropped wp-block-gallery-1 is-layout-flex wp-block-gallery-is-layout-flex\">\n<figure class=\"wp-block-image size-large\"><img loading=\"lazy\" decoding=\"async\" width=\"1015\" height=\"2560\" data-id=\"177\" src=\"http:\/\/www.lilywave.fr\/wp-content\/uploads\/2022\/02\/P1110327-scaled.jpg\" alt=\"\" class=\"wp-image-177\" srcset=\"https:\/\/www.lilywave.fr\/wp-content\/uploads\/2022\/02\/P1110327-scaled.jpg 1015w, https:\/\/www.lilywave.fr\/wp-content\/uploads\/2022\/02\/P1110327-119x300.jpg 119w, https:\/\/www.lilywave.fr\/wp-content\/uploads\/2022\/02\/P1110327-406x1024.jpg 406w, https:\/\/www.lilywave.fr\/wp-content\/uploads\/2022\/02\/P1110327-768x1937.jpg 768w, https:\/\/www.lilywave.fr\/wp-content\/uploads\/2022\/02\/P1110327-609x1536.jpg 609w, https:\/\/www.lilywave.fr\/wp-content\/uploads\/2022\/02\/P1110327-812x2048.jpg 812w\" sizes=\"auto, (max-width: 1015px) 100vw, 1015px\" \/><\/figure>\n\n\n\n<figure class=\"wp-block-image size-large\"><img loading=\"lazy\" decoding=\"async\" width=\"1191\" height=\"2560\" data-id=\"183\" src=\"http:\/\/www.lilywave.fr\/wp-content\/uploads\/2022\/02\/P1110329-scaled.jpg\" alt=\"\" class=\"wp-image-183\" srcset=\"https:\/\/www.lilywave.fr\/wp-content\/uploads\/2022\/02\/P1110329-scaled.jpg 1191w, https:\/\/www.lilywave.fr\/wp-content\/uploads\/2022\/02\/P1110329-140x300.jpg 140w, https:\/\/www.lilywave.fr\/wp-content\/uploads\/2022\/02\/P1110329-476x1024.jpg 476w, https:\/\/www.lilywave.fr\/wp-content\/uploads\/2022\/02\/P1110329-768x1650.jpg 768w, https:\/\/www.lilywave.fr\/wp-content\/uploads\/2022\/02\/P1110329-715x1536.jpg 715w, https:\/\/www.lilywave.fr\/wp-content\/uploads\/2022\/02\/P1110329-953x2048.jpg 953w\" sizes=\"auto, (max-width: 1191px) 100vw, 1191px\" \/><\/figure>\n<\/figure>\n\n\n\n<div style=\"height:50px\" aria-hidden=\"true\" class=\"wp-block-spacer\"><\/div>\n\n\n\n<p id=\"block-4f24a961-1f2c-4f21-86b8-ba22b30bd567\">Femmes sans t\u00eate: La longue \/ La trou\u00e9e\/La ronde (2012)<\/p>\n\n\n\n<figure class=\"wp-block-gallery has-nested-images columns-default is-cropped wp-block-gallery-2 is-layout-flex wp-block-gallery-is-layout-flex\">\n<figure class=\"wp-block-image size-large\"><img loading=\"lazy\" decoding=\"async\" width=\"222\" height=\"319\" data-id=\"180\" src=\"http:\/\/www.lilywave.fr\/wp-content\/uploads\/2022\/02\/807850_325d6733b8044038b15d95cd6bf0a1a0-1.webp\" alt=\"\" class=\"wp-image-180\" srcset=\"https:\/\/www.lilywave.fr\/wp-content\/uploads\/2022\/02\/807850_325d6733b8044038b15d95cd6bf0a1a0-1.webp 222w, https:\/\/www.lilywave.fr\/wp-content\/uploads\/2022\/02\/807850_325d6733b8044038b15d95cd6bf0a1a0-1-209x300.webp 209w\" sizes=\"auto, (max-width: 222px) 100vw, 222px\" \/><\/figure>\n\n\n\n<figure class=\"wp-block-image size-large\"><img loading=\"lazy\" decoding=\"async\" width=\"1279\" height=\"2560\" data-id=\"179\" src=\"http:\/\/www.lilywave.fr\/wp-content\/uploads\/2022\/02\/IMG_4034-scaled.jpg\" alt=\"\" class=\"wp-image-179\" srcset=\"https:\/\/www.lilywave.fr\/wp-content\/uploads\/2022\/02\/IMG_4034-scaled.jpg 1279w, https:\/\/www.lilywave.fr\/wp-content\/uploads\/2022\/02\/IMG_4034-150x300.jpg 150w, https:\/\/www.lilywave.fr\/wp-content\/uploads\/2022\/02\/IMG_4034-512x1024.jpg 512w, https:\/\/www.lilywave.fr\/wp-content\/uploads\/2022\/02\/IMG_4034-768x1536.jpg 768w, https:\/\/www.lilywave.fr\/wp-content\/uploads\/2022\/02\/IMG_4034-1023x2048.jpg 1023w\" sizes=\"auto, (max-width: 1279px) 100vw, 1279px\" \/><\/figure>\n\n\n\n<figure class=\"wp-block-image size-large\"><img loading=\"lazy\" decoding=\"async\" width=\"1312\" height=\"2560\" data-id=\"178\" src=\"http:\/\/www.lilywave.fr\/wp-content\/uploads\/2022\/02\/IMG_4026-scaled.jpg\" alt=\"\" class=\"wp-image-178\" srcset=\"https:\/\/www.lilywave.fr\/wp-content\/uploads\/2022\/02\/IMG_4026-scaled.jpg 1312w, https:\/\/www.lilywave.fr\/wp-content\/uploads\/2022\/02\/IMG_4026-154x300.jpg 154w, https:\/\/www.lilywave.fr\/wp-content\/uploads\/2022\/02\/IMG_4026-525x1024.jpg 525w, https:\/\/www.lilywave.fr\/wp-content\/uploads\/2022\/02\/IMG_4026-768x1499.jpg 768w, https:\/\/www.lilywave.fr\/wp-content\/uploads\/2022\/02\/IMG_4026-787x1536.jpg 787w, https:\/\/www.lilywave.fr\/wp-content\/uploads\/2022\/02\/IMG_4026-1049x2048.jpg 1049w\" sizes=\"auto, (max-width: 1312px) 100vw, 1312px\" \/><\/figure>\n<\/figure>\n","protected":false},"excerpt":{"rendered":"<p>[grands formats] Broderie, encre, peinture et piqu\u00e9 libre sur toiles diverse&nbsp; face au mur (2018), la t\u00eate dedans (2021) Femmes sans t\u00eate: La longue \/ [&#8230;]<\/p>\n","protected":false},"author":1,"featured_media":0,"parent":0,"menu_order":0,"comment_status":"closed","ping_status":"closed","template":"","meta":{"footnotes":""},"class_list":["post-222","page","type-page","status-publish","hentry"],"_links":{"self":[{"href":"https:\/\/www.lilywave.fr\/index.php\/wp-json\/wp\/v2\/pages\/222","targetHints":{"allow":["GET"]}}],"collection":[{"href":"https:\/\/www.lilywave.fr\/index.php\/wp-json\/wp\/v2\/pages"}],"about":[{"href":"https:\/\/www.lilywave.fr\/index.php\/wp-json\/wp\/v2\/types\/page"}],"author":[{"embeddable":true,"href":"https:\/\/www.lilywave.fr\/index.php\/wp-json\/wp\/v2\/users\/1"}],"replies":[{"embeddable":true,"href":"https:\/\/www.lilywave.fr\/index.php\/wp-json\/wp\/v2\/comments?post=222"}],"version-history":[{"count":2,"href":"https:\/\/www.lilywave.fr\/index.php\/wp-json\/wp\/v2\/pages\/222\/revisions"}],"predecessor-version":[{"id":224,"href":"https:\/\/www.lilywave.fr\/index.php\/wp-json\/wp\/v2\/pages\/222\/revisions\/224"}],"wp:attachment":[{"href":"https:\/\/www.lilywave.fr\/index.php\/wp-json\/wp\/v2\/media?parent=222"}],"curies":[{"name":"wp","href":"https:\/\/api.w.org\/{rel}","templated":true}]}}